**2 - 5*z + 6. Let a be x(5). Let j = a - 4. Suppose -12 = j*i - 6*i. Let h(l) = 3*l - 1. What is h(i)?
8
Let h(a) = a**2 + 2*a - 2. Let g(p) = -p**2 - 5*p + 1. Let x be g(-6). What is h(x)?
13
Let z(g) = -g**2 + g. Let t(v) = 3*v**2 - 6*v + 2. Let c(m) = t(m) + 4*z(m). What is c(-2)?
2
Let q be ((-5)/(-2))/(2/(-4)). Let i = q + 8. Let m(p) be the third derivative of p**4/24 + p**3/2 + 3*p**2. Give m(i).
6
Let t = 28 - 30. Let m(g) = 3*g + 2. What is m(t)?
-4
Let r = -1 + 4. Suppose -r*y + 0 = 6. Let c(o) = -2 + 4 - 4 + 3*o**2 - 2*o + 4*o**3 - 3*o**3. Give c(y).
6
Let g(n) = -2*n - 7. Let u be g(-3). Let f(t) = 7*t**2 - 2*t - 1. Calculate f(u).
8
Let c(b) = -b**2 - 3*b - 1. Let s be c(0). Let v(u) = 2*u - 1. What is v(s)?
-3
Let t(k) = -k + 2. Let i(a) = -a**3 - 4*a**2 + a + 4. Suppose 0*h = 3*y - 4*h - 8, 0 = -3*y + 3*h + 3. Let d be i(y). Let s = d - -3. Give t(s).
-1
Let l(a) = a**3 + 10*a**2 + 8*a - 9. Let y be l(-9). Let j(d) = -d + 4. Calculate j(y).
4
Let d = 5 + 0. Let x = -3 + d. Let q(w) = 8*w**2 - 7*w + 5. Let r(f) = 9*f**2 - 8*f + 6. Let s(j) = -6*q(j) + 5*r(j). What is s(x)?
-8
Let d be 4/30 - (-1298)/165. Suppose -d*n = -3*n + 25. Let z(k) = -2*k - 6. What is z(n)?
4
Let r(p) = p + 4. Suppose 0*s - 5*s = -15. Suppose -5*f = -s*f. Determine r(f).
4
Let i(s) = -s - 1. Let q(v) = -v**2 + 4*v + 2. Let w(n) = -n + 6. Let g be w(3). Let m be q(g). Give i(m).
-6
Let c(u) = -u**3 + u - 9. Suppose 4*h - 7*s = -2*s - 5, 0 = 4*h + 5*s - 45. Suppose 3*p + 4*j = 0, -3*p - h*j = -4*p. What is c(p)?
-9
Let j(c) = c**2 + 2*c + 10. Let g(r) = r**2 + 2*r + 9. Let i be ((-28)/16)/((-2)/8). Let l(f) = i*g(f) - 6*j(f). Give l(-2).
3
Let q be 5/2*(-12)/10. Let z be (3 + q - 3) + 9. Let w(c) = -c**3 + 5*c**2 + 7*c + 1. Calculate w(z).
7
Suppose -f - 15 = -6*f. Suppose -5*o - o + 12 = 0. Let l(r) = f*r - r + 0 + 1 - r**o. Calculate l(2).
1
Suppose 0 = -b + 5*u + 1, b + 13 = 2*b - 2*u. Let d(x) = 22*x - 2*x**2 + 4*x**2 - b*x - 4*x**3. Determine d(-1).
5
Let r(k) = -k**3 + 5*k**2 - 5*k + 2. Let w = 8 + -5. Calculate r(w).
5
Let c(s) = -5*s + 4*s - 2*s**2 + 0*s + 4*s + 4. Give c(3).
-5
Let j(u) = -4*u**3 + 9*u + 1. Suppose 3*k = -9, -3*k = 2*v - v + 14. Let o(y) = 3*y**3 - y**2 - 8*y - 2. Let g(m) = v*o(m) - 4*j(m). Calculate g(-4).
6
Let l(c) = 309 - 309 + 3*c**2 + c**3 - 3*c. Determine l(-4).
-4
Let h(f) = -f**2 + 5*f - 4. Suppose m + 5*w - 20 = 0, -3 + 19 = 4*w. Suppose -5*a = -s - 2*s - 50, m = 4*a + 3*s - 13. Let d = a - 3. Calculate h(d).
0
Let z(y) = 4*y. Let n(u) = -4*u + 9 + 0 - 9. Let t(c) = 6*n(c) + 5*z(c). Determine t(-1).
4
Let t = -5 - -5. Suppose t = 4*a - 5*w + 2*w + 3, 21 = -4*a - 3*w. Let h(p) = 1. Let i(b) = -2*b + 5. Let s(j) = -4*h(j) + i(j). Give s(a).
7
Let f(m) = 2*m - 8. Let i(t) = 1. Let l(o) = f(o) + 2*i(o). Let a be 0 + 2/(-2)*2. Let v be -1 - (2/a + -4). Give l(v).
2
Let n(f) be the third derivative of f**4/8 + 2*f**3/3 + 17*f**2. Let d = -8 + 2. Let x be (-1)/(1/d*-2). Calculate n(x).
-5
Let z(l) = l + 1. Let s(b) = -b**2 - 13*b - 15. Let v be s(-12). What is z(v)?
-2
Let w(f) be the first derivative of -f**4/4 - 4*f**3/3 - f**2 - 6*f + 2. Give w(-4).
2
Suppose 4*s - 4 = 0, 2*r - r - 3*s = -1. Let p be r/(-9) + 33/27. Suppose -p = 2*a + 9. Let d(t) = -2*t - 7. Calculate d(a).
3
Let c(o) = -5 + 6 + 14*o - 17*o. Calculate c(-2).
7
Let l(u) be the second derivative of -1/2*u**2 + 0 + 0*u**3 - 1/12*u**4 - 3*u. Calculate l(-2).
-5
Let y(d) = 2*d - 3 - 9*d**2 + 7*d**2 + 3*d**2. Determine y(-4).
5
Let l(t) be the third derivative of -t**4/8 + t**3/3 - 12*t**2. Calculate l(-2).
8
Let k(c) be the second derivative of c**5/20 - 5*c**4/12 + 3*c**2/2 - 7*c. Determine k(5).
3
Let b(t) = 2*t + 2. Let c(u) = -u**3 - 4*u**2 - u - 1. Let g be c(-4). Let w be -5 + g + 5*1. Suppose -w*p + 1 = 13. Give b(p).
-6
Let s(n) be the second derivative of -n**4/6 + n**3/3 + 2*n. Give s(2).
-4
Let r = -3 - 1. Let b be r/3*9/6. Let o(v) = -v - 2. What is o(b)?
0
Suppose a + 0*a + 1 = 0, -3*a = -n + 5. Let w be (-8)/(-4) + -3 - n. Let r(s) = -s**2 - s - 1. Determine r(w).
-7
Let y(w) = w**2 + 8*w - 7*w + 3 - 5. What is y(2)?
4
Let q(r) be the third derivative of r**5/60 - r**4/8 - r**3/2 - 3*r**2. Determine q(-2).
7
Suppose 102 = 3*n - 0*n. Let t be 4/(-2 - -4) - 0. Suppose -11 = x + 5*w - n, -t*x = 5*w - 21. Let u(h) = h. Determine u(x).
-2
Let x(n) = 8384*n - 8389*n + n**2 - 5 + 10. Give x(5).
5
Let h(s) = -s**2 - 1 + s**3 - 2*s + 0*s**3 + 3*s**2. Let z be h(-2). Suppose 0 = -3*f - z - 3, 0 = 4*m + 4*f. Let t(k) = k**2. Give t(m).
4
Let n(z) = -z**2 + 7*z + 2. Suppose 39 = -5*h - 3*x, h + 5*x + 28 - 7 = 0. Let b = 12 + h. Determine n(b).
8
Let i(l) = l - 9. Let n be 1/(-4) + (-275)/(-44). Let t(g) = g - 8. Let v(r) = n*t(r) - 5*i(r). Suppose -2*q = -4*q + 8. Give v(q).
1
Let l(d) = 6*d**3 + 5*d + 6. Let s(o) = -7*o**3 - o**2 - 5*o - 7. Let j(a) = 6*l(a) + 5*s(a). Let y be j(4). Let u(k) = k + 5. Give u(y).
10
Let u(q) be the third derivative of -q**4/24 + q**3/2 - 2*q**2. Calculate u(-6).
9
Let m(o) = -6*o - 3. Suppose -3*i - 4*p - 4 - 2 = 0, 3*i + 3*p = -3. Suppose -2*z - i - 2 = 0. Determine m(z).
9
Let l(b) = b**2 - 5*b + 4. Let v be -2 + (-195)/(-35) + (-9)/(-21). What is l(v)?
0
Let b(n) = n**3 + 4*n**2 - 2*n**3 + 0*n**2 - 2*n + 4. Suppose -p = 4*p - 15. Calculate b(p).
7
Let h(a) = 3*a. Let u be 10*(10/5)/(-4). Calculate h(u).
-15
Suppose 0*m = 2*m. Let j(h) = -h + 14 + 0*h + m*h. Determine j(0).
14
Let s(z) = -z**3 + 5*z**2 - 2*z + 3. Let p be 1*(0/2 - 9). Let b = p + 21. Let v = b + -7. Calculate s(v).
-7
Let d(a) = -2*a**2 - 11*a - 8. Let q be (-1)/2*4 - 5. Calculate d(q).
-29
Let f(t) = -t + 7. Let u(q) = 1. Let o = 6 + -5. Let v(n) = o*f(n) - 5*u(n). Calculate v(6).
-4
Let j(r) = 2*r + 1. Let b be (22/3)/((-4)/6). Let z = 16 + b. Determine j(z).
11
Let w(i) be the first derivative of -i**5/120 + i**4/8 - 2*i**3/3 + 5. Let j(g) be the third derivative of w(g). Determine j(5).
-2
Let s(z) = -7*z**2 + 2*z - 3. Let u(w) = -w**2. Let v(k) = s(k) - 6*u(k). Suppose 0 = n - 4*n + 24. Let b = n - 5. Calculate v(b).
-6
Let n = -8 - -13. Let i(l) = 10*l**3 - 8*l**2 - 13*l + 3. Let x(s) = -7*s**3 + 5*s**2 + 9*s - 2. Let c(o) = 5*i(o) + 7*x(o). Determine c(n).
-9
Let c(m) = -m**2 - 1. Suppose 0 = 2*v - 3*h, -5*h = -4*v - 10*h. Let b be (13 + -13)/(v - 1). What is c(b)?
-1
Let g(m) = 4*m + 2. Suppose 5*r - 14 = -k, 0*r + k - 8 = -3*r. Determine g(r).
14
Let u(i) = -6*i**3 - 2*i**2 + 2*i + 7. Let m(j) = 3*j**3 + j**2 - j - 4. Let h(x) = 7*m(x) + 4*u(x). Let r = -3 - -4. Determine h(r).
-3
Suppose -11 = 4*k + 17. Let w(h) = 2*h + 3. What is w(k)?
-11
Suppose 4*d + 1 = 5. Let k(o) = -2*o**3 + 6*o**2 - 2*o - 3. Let w(i) = i**3 - i**2 - i + 1. Let r(z) = d*k(z) + 3*w(z). Determine r(-4).
4
Suppose -5*w - 105 = -0*w. Let f be 14/w*6/(-4). Let q(s) = -f - 5 + 4 - s. Determine q(-5).
3
Suppose c + 5 = r, 0*c + 3 = 3*c + 3*r. Let j(g) be the second derivative of g**4/12 + 2*g**3/3 + g**2/2 - g. Determine j(c).
-3
Let b(n) = 0*n**2 - n**2 - 4 + 6*n + 3. Let g = 2 - -2. What is b(g)?
7
Let k(z) = -1. Let g(a) = 2*a + 2. Let q(v) = -g(v) - k(v). What is q(-7)?
13
Let n(t) = t**2 - 4*t + 4. Let f be n(3). Let j(z) = -f - z + 0 - 1. Suppose -5*p - 10 = -3*u, -p + 3 = -4*u + 5. Calculate j(u).
-2
Let m(b) be the first derivative of b**3/3 - 7*b**2/2 - 19. Calculate m(6).
-6
Let s(h) be the second derivative of 1/3*h**4 - 1/20*h**5 + 1/3*h**3 + 0 + h - 3*h**2. What is s(4)?
2
Let l(n) be the first derivative of 5*n**2/2 + n - 9. Calculate l(2).
11
Let o(z) = -z**3 + 4*z**2 + 4*z + 5. Let f be o(5). Let a = 3 + f. Suppose -2*b - 27 = -6*b - y, 5*y = 2*b + a. Let l(r) = -2*r + 5. What is l(b)?
-7
Suppose 3 = -2*x + 2*m + 3*m, m - 1 = 0. Let v = 1 - x. Let c = 2 - v. Let j(p) = -3*p. Determine j(c).
-6
Suppose b + 6*i - 15 = 10*i, 0 = b + 4*i + 1. Let w(q) = -q**3 - 3 + 6*q**2 + 8*q - 4 + 2. Give w(b).
2
Let z(l) = l**2 + 7*l + 7. Suppose a = -17 + 4. Let b = a - -8. Determine z(b).
-3
Let r = -4 + 8. Let l(u) = -1 + r + u - 2. Give l(4).
5
Suppose -3*a - 1 = -4. Let i(o) = -1 + 0 + 6*o - 5*o. Give i(a).
0
Let d(a) be the third derivative of 0 + 0*a - 2*a**2 + 2/3*a**3 - 1/60*a**5 + 1/12*a**4. What is d(3)?
1
Let n(w) = 0*w + 0*w**2 - 2*w**2 - 4*w**3 + w - 2*w. Let z(c) =